 the millions digit of 12735067?
2
What is the thousands digit of 4331958?
1
What is the units digit of 74119?
9
What is the thousands digit of 6646807?
6
What is the tens digit of 184159?
5
What is the millions digit of 28013690?
8
What is the thousands digit of 776090?
6
What is the thousands digit of 955505?
5
What is the units digit of 1656436?
6
What is the ten millions digit of 17061473?
1
What is the ten thousands digit of 215145?
1
What is the hundred thousands digit of 169067?
1
What is the hundreds digit of 4519950?
9
What is the millions digit of 13141749?
3
What is the tens digit of 30902893?
9
What is the units digit of 1524445?
5
What is the hundreds digit of 6973819?
8
What is the hundreds digit of 414742?
7
What is the units digit of 173574?
4
What is the tens digit of 1988230?
3
What is the tens digit of 1832526?
2
What is the ten thousands digit of 82641?
8
What is the tens digit of 401730?
3
What is the millions digit of 5430695?
5
What is the tens digit of 270445?
4
What is the hundred thousands digit of 346608?
3
What is the tens digit of 790428?
2
What is the thousands digit of 10714381?
4
What is the hundred thousands digit of 450323?
4
What is the hundred thousands digit of 1669112?
6
What is the tens digit of 212040?
4
What is the thousands digit of 290066?
0
What is the thousands digit of 14651394?
1
What is the units digit of 130383?
3
What is the tens digit of 2105860?
6
What is the units digit of 817311?
1
What is the thousands digit of 266687?
6
What is the ten thousands digit of 9071490?
7
What is the units digit of 6553012?
2
What is the millions digit of 1013109?
1
What is the hundreds digit of 314945?
9
What is the hundreds digit of 1199110?
1
What is the hundreds digit of 2247945?
9
What is the units digit of 581189?
9
What is the tens digit of 746277?
7
What is the ten millions digit of 25639411?
2
What is the tens digit of 27712554?
5
What is the ten thousands digit of 11357548?
5
What is the hundreds digit of 143116?
1
What is the ten thousands digit of 73763?
7
What is the millions digit of 29815897?
9
What is the ten thousands digit of 211571?
1
What is the units digit of 1114467?
7
What is the tens digit of 9751272?
7
What is the thousands digit of 7643256?
3
What is the hundred thousands digit of 669870?
6
What is the tens digit of 389262?
6
What is the ten thousands digit of 1268724?
6
What is the hundreds digit of 462039?
0
What is the ten thousands digit of 487309?
8
What is the units digit of 2451668?
8
What is the hundreds digit of 2570261?
2
What is the hundreds digit of 18178785?
7
What is the millions digit of 22723340?
2
What is the tens digit of 111598?
9
What is the hundreds digit of 138969?
9
What is the tens digit of 318627?
2
What is the tens digit of 156068?
6
What is the ten millions digit of 14186051?
1
What is the hundred thousands digit of 11204949?
2
What is the units digit of 236637?
7
What is the hundreds digit of 23009?
0
What is the ten millions digit of 16013388?
1
What is the hundreds digit of 4025407?
4
What is the hundred thousands digit of 4475784?
4
What is the ten thousands digit of 423552?
2
What is the tens digit of 6629508?
0
What is the units digit of 2173546?
6
What is the units digit of 18046152?
2
What is the hundred thousands digit of 221512?
2
What is the hundred thousands digit of 867670?
8
What is the hundred thousands digit of 11395454?
3
What is the units digit of 683632?
2
What is the thousands digit of 105780?
5
What is the thousands digit of 22867220?
7
What is the thousands digit of 194462?
4
What is the thousands digit of 1190564?
0
What is the thousands digit of 733709?
3
What is the hundreds digit of 10087?
0
What is the units digit of 299681?
1
What is the hundred thousands digit of 948331?
9
What is the ten thousands digit of 559860?
5
What is the ten thousands digit of 267588?
6
What is the tens digit of 353998?
9
What is the millions digit of 5705728?
5
What is the tens digit of 327206?
0
What is the hundreds digit of 255369?
3
What is the units digit of 3007409?
9
What is the tens digit of 357769?
6
What is the millions digit of 22509780?
2
What is the units digit of 2415217?
7
What is the thousands digit of 861178?
1
What is the ten thousands digit of 271441?
7
What is the hundreds digit of 817721?
7
What is the hundreds digit of 5527554?
5
What is the hundred thousands digit of 329892?
3
What is the ten thousands digit of 683389?
8
What is the hundred thousands digit of 456670?
4
What is the hundreds digit of 3446379?
3
What is the hundred thousands digit of 21352165?
3
What is the ten thousands digit of 22900280?
0
What is the hundreds digit of 14123?
1
What is the ten millions digit of 21147533?
2
What is the units digit of 458226?
6
What is the thousands digit of 766713?
6
What is the hundred thousands digit of 3625153?
6
What is the millions digit of 2780518?
2
What is the tens digit of 81083?
8
What is the units digit of 821459?
9
What is the hundreds digit of 5598708?
7
What is the units digit of 197069?
9
What is the thousands digit of 3513270?
3
What is the ten thousands digit of 650259?
5
What is the millions digit of 4099397?
4
What is the tens digit of 3047243?
4
What is the units digit of 782726?
6
What is the units digit of 3395881?
1
What is the hundred thousands digit of 294391?
2
What is the units digit of 4827653?
3
What is the millions digit of 3438426?
3
What is the hundreds digit of 7585814?
8
What is the hundred thousands digit of 949027?
9
What is the hundred thousands digit of 7164549?
1
What is the thousands digit of 5292146?
2
What is the millions digit of 5145589?
5
What is the thousands digit of 7286272?
6
What is the ten thousands digit of 17433?
1
What is the hundred thousands digit of 230886?
2
What is the hundred thousands digit of 165330?
1
What is the thousands digit of 467354?
7
What is the hundred thousands digit of 590991?
5
What is the ten thousands digit of 8077495?
7
What is the thousands digit of 12151954?
1
What is the tens digit of 1523757?
5
What is the thousands digit of 186396?
6
What is the ten thousands digit of 883644?
8
What is the tens digit of 19716478?
7
What is the hundreds digit of 928114?
1
What is the hundred thousands digit of 851688?
8
What is the units digit of 741999?
9
What is the hundred thousands digit of 11175187?
1
What is the thousands digit of 8773329?
3
What is the hundreds digit of 377036?
0
What is the thousands digit of 2391914?
1
What is the units digit of 993104?
4
What is the ten thousands digit of 593686?
9
What is the ten thousands digit of 4074556?
7
What is the hundreds digit of 2347486?
4
What is the hundred thousands digit of 1502867?
5
What is the tens digit of 717402?
0
What is the ten thousands digit of 155952?
5
What is the tens digit of 1837738?
3
What is the tens digit of 2793090?
9
What is the thousands digit of 3181695?
1
What is the tens digit of 78090?
9
What is the ten thousands digit of 170486?
7
What is the tens digit of 917978?
7
What is the hundred thousands digit of 951559?
9
What is the hundred thousands digit of 6528476?
5
What is the tens digit of 1463506?
0
What is the hundreds digit of 343278?
2
What is the hundred thousands digit of 1505216?
5
What is the units digit of 133083?
3
What is the millions digit of 8774788?
8
What is the hundreds digit of 851451?
4
What is the hundred thousands digit of 270662?
2
What is the thousands digit of 79368?
9
What is the tens digit of 2007833?
3
What is the ten thousands digit of 1059661?
5
What is the tens digit of 951568?
6
What is the tens digit of 5201813?
1
What is the units digit of 13520452?
2
What is the units digit of 1223411?
1
What is the ten thousands digit of 1257827?
5
What is the hundred thousands digit of 350671?
3
What is the ten thousands digit of 107153?
0
What is the hundred thousands digit of 2573940?
5
What is the hundred thousands digit of 302753?
3
What is the hundred thousands digit of 2446625?
4
What is the millions digit of 13822189?
3
What is the hundred thousands digit of 551574?
5
What is the thousands digit of 499830?
9
What is the thousands digit of 354805?
4
What is the units digit of 110277?
7
What is the ten thousands digit of 54836?
5
What is the ten thousands digit o